{"id":12845,"date":"2019-09-24T12:57:16","date_gmt":"2019-09-24T19:57:16","guid":{"rendered":"https:\/\/iibayarea.local\/director-ejecutivo-del-iiba\/"},"modified":"2025-11-13T16:15:53","modified_gmt":"2025-11-14T00:15:53","slug":"director-ejecutivo-del-iiba","status":"publish","type":"page","link":"https:\/\/iibayarea.org\/es\/director-ejecutivo-del-iiba\/","title":{"rendered":"Director Ejecutivo del IIBA"},"content":{"rendered":"\n<p>Ellen Dumesnil es la Directora Ejecutiva del Instituto de Inmigraci\u00f3n del \u00c1rea de la Bah\u00eda (IIBA). Empez\u00f3 a ocuparse de inmigrantes y refugiados cuando trabajaba en el extranjero, en Indonesia, ayudando a rescatar y reubicar a refugiados que hu\u00edan de Vietnam, pa\u00eds desgarrado por la guerra. Aquella experiencia de 1977 marc\u00f3 el camino de sus m\u00e1s de 30 a\u00f1os de trabajo en favor de los refugiados y los inmigrantes a escala local, nacional e internacional. Ellen trabaj\u00f3 como directora del programa estadounidense para refugiados en Arabia Saud\u00ed tras la primera Guerra del Golfo y trabaj\u00f3 como funcionaria de asilo en Nueva York. Es sanfranciscana de 4\u00aa generaci\u00f3n.    <\/p>\n\n<figure class=\"wp-block-embed-vimeo wp-block-embed is-type-video is-provider-vimeo wp-embed-aspect-16-9 wp-has-aspect-ratio\"><div class=\"wp-block-embed__wrapper\">\n<iframe loading=\"lazy\" title=\"Finding hope in our collective history\" src=\"https:\/\/player.vimeo.com\/video\/252435629?dnt=1&amp;app_id=122963\" width=\"500\" height=\"281\" frameborder=\"0\" allow=\"autoplay; fullscreen; picture-in-picture; clipboard-write; encrypted-media; web-share\" referrerpolicy=\"strict-origin-when-cross-origin\"><\/iframe>\n<\/div><\/figure>\n","protected":false},"excerpt":{"rendered":"<p>Sobre la Directora Ejecutiva del IIBA, Ellen Dumesnil<\/p>\n","protected":false},"author":3,"featured_media":7337,"parent":0,"menu_order":32,"comment_status":"closed","ping_status":"closed","template":"","meta":{"_acf_changed":false,"footnotes":""},"region":[],"class_list":["post-12845","page","type-page","status-publish","has-post-thumbnail","hentry"],"acf":[],"featured_image_urls_v2":{"full":["https:\/\/iibayarea.org\/wp-content\/uploads\/2019\/04\/IIBA-Full-Name-.jpg",1487,1138,false],"thumbnail":["https:\/\/iibayarea.org\/wp-content\/uploads\/2019\/04\/IIBA-Full-Name--150x115.jpg",150,115,true],"medium":["https:\/\/iibayarea.org\/wp-content\/uploads\/2019\/04\/IIBA-Full-Name--512x392.jpg",512,392,true],"medium_large":["https:\/\/iibayarea.org\/wp-content\/uploads\/2019\/04\/IIBA-Full-Name--768x588.jpg",768,588,true],"large":["https:\/\/iibayarea.org\/wp-content\/uploads\/2019\/04\/IIBA-Full-Name--1024x784.jpg",1024,784,true],"1536x1536":["https:\/\/iibayarea.org\/wp-content\/uploads\/2019\/04\/IIBA-Full-Name-.jpg",1487,1138,false],"2048x2048":["https:\/\/iibayarea.org\/wp-content\/uploads\/2019\/04\/IIBA-Full-Name-.jpg",1487,1138,false],"gform-image-choice-sm":["https:\/\/iibayarea.org\/wp-content\/uploads\/2019\/04\/IIBA-Full-Name-.jpg",300,230,false],"gform-image-choice-md":["https:\/\/iibayarea.org\/wp-content\/uploads\/2019\/04\/IIBA-Full-Name-.jpg",400,306,false],"gform-image-choice-lg":["https:\/\/iibayarea.org\/wp-content\/uploads\/2019\/04\/IIBA-Full-Name-.jpg",600,459,false]},"post_excerpt_stackable_v2":"<p>Sobre la Directora Ejecutiva del IIBA, Ellen Dumesnil<\/p>\n","category_list_v2":"","author_info_v2":{"name":"Isabella Alvarenga","url":"https:\/\/iibayarea.org\/es\/author\/isabella\/"},"comments_num_v2":"0 comentarios","yoast_head":"<!-- This site is optimized with the Yoast SEO plugin v27.5 - https:\/\/yoast.com\/product\/yoast-seo-wordpress\/ -->\n<title>Director Ejecutivo del IIBA | Immigration Institute of the Bay Area<\/title>\n<meta name=\"robots\" content=\"index, follow, max-snippet:-1, max-image-preview:large, max-video-preview:-1\" \/>\n<link rel=\"canonical\" href=\"https:\/\/iibayarea.org\/es\/director-ejecutivo-del-iiba\/\" \/>\n<meta property=\"og:locale\" content=\"es_ES\" \/>\n<meta property=\"og:type\" content=\"article\" \/>\n<meta property=\"og:title\" content=\"Director Ejecutivo del IIBA | Immigration Institute of the Bay Area\" \/>\n<meta property=\"og:description\" content=\"Sobre la Directora Ejecutiva del IIBA, Ellen Dumesnil\" \/>\n<meta property=\"og:url\" content=\"https:\/\/iibayarea.org\/es\/director-ejecutivo-del-iiba\/\" \/>\n<meta property=\"og:site_name\" content=\"Immigration Institute of the Bay Area\" \/>\n<meta property=\"article:publisher\" content=\"https:\/\/facebook.com\/iiba1918\" \/>\n<meta property=\"article:modified_time\" content=\"2025-11-14T00:15:53+00:00\" \/>\n<meta property=\"og:image\" content=\"https:\/\/iibayarea.org\/wp-content\/uploads\/2019\/04\/IIBA-Full-Name-.jpg\" \/>\n\t<meta property=\"og:image:width\" content=\"1487\" \/>\n\t<meta property=\"og:image:height\" content=\"1138\" \/>\n\t<meta property=\"og:image:type\" content=\"image\/jpeg\" \/>\n<meta name=\"twitter:card\" content=\"summary_large_image\" \/>\n<meta name=\"twitter:site\" content=\"@IIBA1918\" \/>\n<meta name=\"twitter:label1\" content=\"Tiempo de lectura\" \/>\n\t<meta name=\"twitter:data1\" content=\"1 minuto\" \/>\n<script type=\"application\/ld+json\" class=\"yoast-schema-graph\">{\"@context\":\"https:\\\/\\\/schema.org\",\"@graph\":[{\"@type\":\"WebPage\",\"@id\":\"https:\\\/\\\/iibayarea.org\\\/es\\\/director-ejecutivo-del-iiba\\\/\",\"url\":\"https:\\\/\\\/iibayarea.org\\\/es\\\/director-ejecutivo-del-iiba\\\/\",\"name\":\"Director Ejecutivo del IIBA | Immigration Institute of the Bay Area\",\"isPartOf\":{\"@id\":\"https:\\\/\\\/iibayarea.org\\\/es\\\/#website\"},\"primaryImageOfPage\":{\"@id\":\"https:\\\/\\\/iibayarea.org\\\/es\\\/director-ejecutivo-del-iiba\\\/#primaryimage\"},\"image\":{\"@id\":\"https:\\\/\\\/iibayarea.org\\\/es\\\/director-ejecutivo-del-iiba\\\/#primaryimage\"},\"thumbnailUrl\":\"https:\\\/\\\/iibayarea.org\\\/wp-content\\\/uploads\\\/2019\\\/04\\\/IIBA-Full-Name-.jpg\",\"datePublished\":\"2019-09-24T19:57:16+00:00\",\"dateModified\":\"2025-11-14T00:15:53+00:00\",\"breadcrumb\":{\"@id\":\"https:\\\/\\\/iibayarea.org\\\/es\\\/director-ejecutivo-del-iiba\\\/#breadcrumb\"},\"inLanguage\":\"es\",\"potentialAction\":[{\"@type\":\"ReadAction\",\"target\":[\"https:\\\/\\\/iibayarea.org\\\/es\\\/director-ejecutivo-del-iiba\\\/\"]}]},{\"@type\":\"ImageObject\",\"inLanguage\":\"es\",\"@id\":\"https:\\\/\\\/iibayarea.org\\\/es\\\/director-ejecutivo-del-iiba\\\/#primaryimage\",\"url\":\"https:\\\/\\\/iibayarea.org\\\/wp-content\\\/uploads\\\/2019\\\/04\\\/IIBA-Full-Name-.jpg\",\"contentUrl\":\"https:\\\/\\\/iibayarea.org\\\/wp-content\\\/uploads\\\/2019\\\/04\\\/IIBA-Full-Name-.jpg\",\"width\":1487,\"height\":1138},{\"@type\":\"BreadcrumbList\",\"@id\":\"https:\\\/\\\/iibayarea.org\\\/es\\\/director-ejecutivo-del-iiba\\\/#breadcrumb\",\"itemListElement\":[{\"@type\":\"ListItem\",\"position\":1,\"name\":\"Home\",\"item\":\"https:\\\/\\\/iibayarea.org\\\/es\\\/\"},{\"@type\":\"ListItem\",\"position\":2,\"name\":\"Director Ejecutivo del IIBA\"}]},{\"@type\":\"WebSite\",\"@id\":\"https:\\\/\\\/iibayarea.org\\\/es\\\/#website\",\"url\":\"https:\\\/\\\/iibayarea.org\\\/es\\\/\",\"name\":\"Immigration Institute of the Bay Area\",\"description\":\"a nonprofit providing immigration legal services\",\"publisher\":{\"@id\":\"https:\\\/\\\/iibayarea.org\\\/es\\\/#organization\"},\"potentialAction\":[{\"@type\":\"SearchAction\",\"target\":{\"@type\":\"EntryPoint\",\"urlTemplate\":\"https:\\\/\\\/iibayarea.org\\\/es\\\/?s={search_term_string}\"},\"query-input\":{\"@type\":\"PropertyValueSpecification\",\"valueRequired\":true,\"valueName\":\"search_term_string\"}}],\"inLanguage\":\"es\"},{\"@type\":\"Organization\",\"@id\":\"https:\\\/\\\/iibayarea.org\\\/es\\\/#organization\",\"name\":\"Immigration Institute of the Bay Area (IIBA)\",\"url\":\"https:\\\/\\\/iibayarea.org\\\/es\\\/\",\"logo\":{\"@type\":\"ImageObject\",\"inLanguage\":\"es\",\"@id\":\"https:\\\/\\\/iibayarea.org\\\/es\\\/#\\\/schema\\\/logo\\\/image\\\/\",\"url\":\"https:\\\/\\\/iibayarea.org\\\/wp-content\\\/uploads\\\/2022\\\/06\\\/Logo_Full_Name.png\",\"contentUrl\":\"https:\\\/\\\/iibayarea.org\\\/wp-content\\\/uploads\\\/2022\\\/06\\\/Logo_Full_Name.png\",\"width\":4800,\"height\":1200,\"caption\":\"Immigration Institute of the Bay Area (IIBA)\"},\"image\":{\"@id\":\"https:\\\/\\\/iibayarea.org\\\/es\\\/#\\\/schema\\\/logo\\\/image\\\/\"},\"sameAs\":[\"https:\\\/\\\/facebook.com\\\/iiba1918\",\"https:\\\/\\\/x.com\\\/IIBA1918\",\"https:\\\/\\\/www.instagram.com\\\/iiba1918\\\/\",\"https:\\\/\\\/www.linkedin.com\\\/company\\\/international-institute-of-the-bay-area\"]}]}<\/script>\n<!-- \/ Yoast SEO plugin. -->","yoast_head_json":{"title":"Director Ejecutivo del IIBA | Immigration Institute of the Bay Area","robots":{"index":"index","follow":"follow","max-snippet":"max-snippet:-1","max-image-preview":"max-image-preview:large","max-video-preview":"max-video-preview:-1"},"canonical":"https:\/\/iibayarea.org\/es\/director-ejecutivo-del-iiba\/","og_locale":"es_ES","og_type":"article","og_title":"Director Ejecutivo del IIBA | Immigration Institute of the Bay Area","og_description":"Sobre la Directora Ejecutiva del IIBA, Ellen Dumesnil","og_url":"https:\/\/iibayarea.org\/es\/director-ejecutivo-del-iiba\/","og_site_name":"Immigration Institute of the Bay Area","article_publisher":"https:\/\/facebook.com\/iiba1918","article_modified_time":"2025-11-14T00:15:53+00:00","og_image":[{"width":1487,"height":1138,"url":"https:\/\/iibayarea.org\/wp-content\/uploads\/2019\/04\/IIBA-Full-Name-.jpg","type":"image\/jpeg"}],"twitter_card":"summary_large_image","twitter_site":"@IIBA1918","twitter_misc":{"Tiempo de lectura":"1 minuto"},"schema":{"@context":"https:\/\/schema.org","@graph":[{"@type":"WebPage","@id":"https:\/\/iibayarea.org\/es\/director-ejecutivo-del-iiba\/","url":"https:\/\/iibayarea.org\/es\/director-ejecutivo-del-iiba\/","name":"Director Ejecutivo del IIBA | Immigration Institute of the Bay Area","isPartOf":{"@id":"https:\/\/iibayarea.org\/es\/#website"},"primaryImageOfPage":{"@id":"https:\/\/iibayarea.org\/es\/director-ejecutivo-del-iiba\/#primaryimage"},"image":{"@id":"https:\/\/iibayarea.org\/es\/director-ejecutivo-del-iiba\/#primaryimage"},"thumbnailUrl":"https:\/\/iibayarea.org\/wp-content\/uploads\/2019\/04\/IIBA-Full-Name-.jpg","datePublished":"2019-09-24T19:57:16+00:00","dateModified":"2025-11-14T00:15:53+00:00","breadcrumb":{"@id":"https:\/\/iibayarea.org\/es\/director-ejecutivo-del-iiba\/#breadcrumb"},"inLanguage":"es","potentialAction":[{"@type":"ReadAction","target":["https:\/\/iibayarea.org\/es\/director-ejecutivo-del-iiba\/"]}]},{"@type":"ImageObject","inLanguage":"es","@id":"https:\/\/iibayarea.org\/es\/director-ejecutivo-del-iiba\/#primaryimage","url":"https:\/\/iibayarea.org\/wp-content\/uploads\/2019\/04\/IIBA-Full-Name-.jpg","contentUrl":"https:\/\/iibayarea.org\/wp-content\/uploads\/2019\/04\/IIBA-Full-Name-.jpg","width":1487,"height":1138},{"@type":"BreadcrumbList","@id":"https:\/\/iibayarea.org\/es\/director-ejecutivo-del-iiba\/#breadcrumb","itemListElement":[{"@type":"ListItem","position":1,"name":"Home","item":"https:\/\/iibayarea.org\/es\/"},{"@type":"ListItem","position":2,"name":"Director Ejecutivo del IIBA"}]},{"@type":"WebSite","@id":"https:\/\/iibayarea.org\/es\/#website","url":"https:\/\/iibayarea.org\/es\/","name":"Immigration Institute of the Bay Area","description":"a nonprofit providing immigration legal services","publisher":{"@id":"https:\/\/iibayarea.org\/es\/#organization"},"potentialAction":[{"@type":"SearchAction","target":{"@type":"EntryPoint","urlTemplate":"https:\/\/iibayarea.org\/es\/?s={search_term_string}"},"query-input":{"@type":"PropertyValueSpecification","valueRequired":true,"valueName":"search_term_string"}}],"inLanguage":"es"},{"@type":"Organization","@id":"https:\/\/iibayarea.org\/es\/#organization","name":"Immigration Institute of the Bay Area (IIBA)","url":"https:\/\/iibayarea.org\/es\/","logo":{"@type":"ImageObject","inLanguage":"es","@id":"https:\/\/iibayarea.org\/es\/#\/schema\/logo\/image\/","url":"https:\/\/iibayarea.org\/wp-content\/uploads\/2022\/06\/Logo_Full_Name.png","contentUrl":"https:\/\/iibayarea.org\/wp-content\/uploads\/2022\/06\/Logo_Full_Name.png","width":4800,"height":1200,"caption":"Immigration Institute of the Bay Area (IIBA)"},"image":{"@id":"https:\/\/iibayarea.org\/es\/#\/schema\/logo\/image\/"},"sameAs":["https:\/\/facebook.com\/iiba1918","https:\/\/x.com\/IIBA1918","https:\/\/www.instagram.com\/iiba1918\/","https:\/\/www.linkedin.com\/company\/international-institute-of-the-bay-area"]}]}},"_links":{"self":[{"href":"https:\/\/iibayarea.org\/es\/wp-json\/wp\/v2\/pages\/12845","targetHints":{"allow":["GET"]}}],"collection":[{"href":"https:\/\/iibayarea.org\/es\/wp-json\/wp\/v2\/pages"}],"about":[{"href":"https:\/\/iibayarea.org\/es\/wp-json\/wp\/v2\/types\/page"}],"author":[{"embeddable":true,"href":"https:\/\/iibayarea.org\/es\/wp-json\/wp\/v2\/users\/3"}],"replies":[{"embeddable":true,"href":"https:\/\/iibayarea.org\/es\/wp-json\/wp\/v2\/comments?post=12845"}],"version-history":[{"count":0,"href":"https:\/\/iibayarea.org\/es\/wp-json\/wp\/v2\/pages\/12845\/revisions"}],"wp:featuredmedia":[{"embeddable":true,"href":"https:\/\/iibayarea.org\/es\/wp-json\/wp\/v2\/media\/7337"}],"wp:attachment":[{"href":"https:\/\/iibayarea.org\/es\/wp-json\/wp\/v2\/media?parent=12845"}],"wp:term":[{"taxonomy":"region","embeddable":true,"href":"https:\/\/iibayarea.org\/es\/wp-json\/wp\/v2\/region?post=12845"}],"curies":[{"name":"wp","href":"https:\/\/api.w.org\/{rel}","templated":true}]}}

<p>Ellen Dumesnil es la Directora Ejecutiva del Instituto de Inmigración del Área de la Bahía (IIBA). Empezó a ocuparse de inmigrantes y refugiados cuando trabajaba en el extranjero, en Indonesia, ayudando a rescatar y reubicar a refugiados que huían de Vietnam, país desgarrado por la guerra. Aquella experiencia de 1977 marcó el camino de sus más de 30 años de trabajo en favor de los refugiados y los inmigrantes a escala local, nacional e internacional. Ellen trabajó como directora del programa estadounidense para refugiados en Arabia Saudí tras la primera Guerra del Golfo y trabajó como funcionaria de asilo en Nueva York. Es sanfranciscana de 4ª generación.    </p>

<figure class="wp-block-embed-vimeo wp-block-embed is-type-video is-provider-vimeo wp-embed-aspect-16-9 wp-has-aspect-ratio"><div class="wp-block-embed__wrapper">
<iframe loading="lazy" title="Finding hope in our collective history" src="https://player.vimeo.com/video/252435629?dnt=1&amp;app_id=122963" width="500" height="281" frameborder="0" allow="autoplay; fullscreen; picture-in-picture; clipboard-write; encrypted-media; web-share" referrerpolicy="strict-origin-when-cross-origin"></iframe>
</div></figure>
